nder when 3928 is divided by ((-21)/126*15)/((-20)/192)?
16
Let p(z) = z**3 + 12*z**2 - 30*z - 14. Let o(g) = 11 + 8*g - 8 - 33 + 3*g. What is the remainder when o(7) is divided by p(-14)?
5
Let k(l) = 14*l**3 + 2*l**2 - 3. Suppose -3*t + 1 = -17. Calculate the remainder when k(2) is divided by (-6 + 15)*(-1 - (-26)/t).
27
Let d be (-12103)/(-56) + (-7)/56. Calculate the remainder when 248 is divided by (-1)/(642/d + -3).
32
Let p(f) = 10*f**3 - 2*f**2 - 4*f + 6. Let a be p(1). Suppose 0 = 16*w + a*w - 1404. What is the remainder when w is divided by 8?
6
Suppose 111 = -3*m + 87, 3*k = -4*m + 703. Calculate the remainder when k is divided by 222.
23
Suppose -4*a = 2*y - 210, -291 = 21*y - 24*y - 3*a. Let b(m) = 9*m - 3*m - 1 - 5*m**2 + m**3 + 2 - 5. Calculate the remainder when y is divided by b(5).
11
Let j(x) = 152*x - 591. What is the remainder when j(45) is divided by 133?
131
Suppose -1210*t + 1130*t = -10800. Suppose 3*f - 2*f = 34. What is the remainder when t is divided by f?
33
Suppose 3*g + 238 + 11 = 0. Let z = g + 143. Calculate the remainder when z is divided by 4/6*126/4.
18
Let b be -9 + 12 + 3/(-1 - 2). Let s be -3*(272/(-12) + (3 - b)). Let o = s + -56. What is the remainder when 34 is divided by o?
7
Suppose 0 = -5*y, -b - 5*y - 24 = 2*b. Let t = 38 + -54. Calculate the remainder when 9 is divided by b*(-4)/(t/(-2)).
1
What is the remainder when 939 is divided by (-364750)/(-7750) - 2/31?
46
Suppose 3*s + 5*d - 838 - 1243 = 0, 0 = -2*s + 2*d + 1398. What is the remainder when s is divided by 28?
25
Suppose 0 = -5*c + 591 + 644. Suppose 5*b - c - 143 = 5*m, 5*b = m + 78. Let o = 87 + m. What is the remainder when 30 is divided by o?
3
Let i = -99 - -127. What is the remainder when i is divided by (-2)/(-9)*3/(-6)*-36?
0
Suppose -206 = 2*s + 2. Let u = 206 + s. What is the remainder when u is divided by 35?
32
Let l be (-924)/(-6) + -1 + 1 - 4. Suppose 19*y + l = 25*y. What is the remainder when 221 is divided by y?
21
Suppose 7*s = 4*s + 15. Suppose 3*i - 2*i - 26 = -5*h, 0 = s*h - 4*i - 46. What is the remainder when (-84)/(-42)*(-14)/3*(-2 - 1) is divided by h?
4
Let f(i) = -i + 3. Let p be f(0). Suppose -p*h - 24 = -33. Suppose -3*j - 69 = h*k - 204, 95 = 2*k + j. Calculate the remainder when 199 is divided by k.
49
Let p(f) = 84*f - 819. What is the remainder when p(17) is divided by 103?
94
Suppose 5*m - 26 = 2*j, 4*m - 34 = -0*j - 5*j. What is the remainder when (2/5)/((-2594)/(-797655)) is divided by m?
3
Let r = -78 + 65. Let k = r + -17. Calculate the remainder when -40*((-2)/k*3 + -1) is divided by 12.
8
Let x be 33 + (-1)/((-3)/6). Suppose -q - 4 + 24 = 4*h, 3*q = 12. Suppose h*v + i - 84 = 3*i, 0 = v - 4*i - x. Calculate the remainder when v is divided by 7.
5
Let k(r) = -77*r - 8. Suppose 3*c + 38 - 29 = 0. Let x be k(c). Suppose 2*f + 178 = 4*v, -3*f = -5*v - f + x. Calculate the remainder when v is divided by 19.
7
Let g = -223 - -219. Calculate the remainder when (377 - -1)/9 + (0 - g) is divided by 8.
6
Let m(f) = f**3 - 6*f**2 + 7*f - 7. Let h(v) = -2*v**3 - 10*v**2 + 186*v + 6. Calculate the remainder when h(7) is divided by m(6).
27
Let s = -10308 - -11591. What is the remainder when s is divided by 42?
23
Let h = -4766 + 4911. What is the remainder when h is divided by 67?
11
Let o(c) = 6*c**2 + 8*c - 9. Let i be o(1). Suppose 6*a - 116 = a + 4*s, i*a + 3*s = 88. Calculate the remainder when 77 is divided by a.
17
Let d be (8/(-80)*164)/(4/(-10)). Suppose 11 = -10*k + d. Suppose -138 = 3*g - 171. What is the remainder when g is divided by k?
2
What is the remainder when ((-3)/9)/(6/(-2322))*2 is divided by 86?
0
What is the remainder when 230 is divided by (-14 - 91/(-14))*-30?
5
Let z = -46 - -73. Suppose -2*y + 5*y + 8 = 5*o, -5*y + 32 = 3*o. Suppose 16*b = 18*b - f - 131, y*f + 189 = 3*b. What is the remainder when b is divided by z?
13
Suppose 0 = 611*q - 644*q + 297. What is the remainder when 4/(-6) - (-7420)/105 is divided by q?
7
Let b = -1182 + 1267. Calculate the remainder when b is divided by 3.
1
Suppose 0 = 359*a - 367*a + 740 + 18004. Calculate the remainder when a is divided by 23.
20
Let m = -28 - -28. Suppose m = 7*h - 25 - 969. Suppose -5*g = -g + 5*k - h, k = -2. What is the remainder when g is divided by 13?
12
Let z(r) = -3*r**2 - 80*r + 399. Calculate the remainder when z(-30) is divided by 4.
3
Suppose -289*c + 233*c = -15288. Calculate the remainder when c is divided by 4.
1
Let b(v) = -v**3 - 6*v**2 - 4*v + 7. Let r be b(-5). Let i = 191 - 108. What is the remainder when i is divided by 8/(-2) + (-343)/(-7) - r?
40
Let n(j) = -30*j - 18. Let y be n(-3). Let a = 100 - y. Suppose -3*s = -5*s + 20. What is the remainder when a is divided by s?
8
Let k = 8702 - 8668. Let v(x) = 11*x. Let c(w) = w**2 - 4*w + 4. Let l be c(5). What is the remainder when v(l) is divided by k?
31
Let i = 15593 + -15518. What is the remainder when 299 is divided by i?
74
Let s(p) = 16*p + 948. Suppose 74 - 4 = 2*o + b, 5*o = 5*b + 160. What is the remainder when s(-51) is divided by o?
30
Let a = -23354 + 23380. Let l = -123 + 327. What is the remainder when l is divided by a?
22
Let j(m) = -m**3 - 29*m**2 - 90*m + 304. What is the remainder when 807 is divided by j(-25)?
51
Let r(f) = -f**3 + 2*f**2 - f - 2. Let v be r(0). Let s(g) = -10*g - 2. Suppose -241 = -5*d - 76. Calculate the remainder when d is divided by s(v).
15
Let p(y) = 12*y**3 + 2*y**2 + 11*y - 18. Suppose 4*z + 222 = 10*z. What is the remainder when p(2) is divided by z?
34
Let y = 3 - -2. Suppose -2*x + 3*k + 82 = 4*k, y*x - 231 = 4*k. Suppose 0 = -8*i + 1319 + 393. Calculate the remainder when i is divided by x.
42
Let c(h) = -28*h - 256. Calculate the remainder when 567 is divided by c(-12).
7
Let t(v) = v**3 + 17*v**2 - 23*v - 67. What is the remainder when t(-8) is divided by 70?
63
Suppose -378 = -2*g + 194. Suppose 0 = 742*c - 30300 + 6556. What is the remainder when g is divided by c?
30
Calculate the remainder when (1188/(-30) - 14)*(-4)/((-8)/(-15)) is divided by 399.
3
Suppose 104 = j + 5*w, -5*w - 490 = -4*j - 199. Calculate the remainder when 981 is divided by j.
33
Suppose -4*p - 2*b = -42, 4*p - 4 = 5*b + 3. Suppose 5*d = -4*i + 112, -3*i - 25 = 4*d - 110. Let g = i + p. Calculate the remainder when 60 is divided by g.
29
Suppose 206226 = -438*d + 609*d. What is the remainder when d is divided by 94?
78
Let t = 464 - 305. Suppose 2508*j - 2516*j + 128 = 0. What is the remainder when t is divided by j?
15
Suppose 2*z = -2*x + 7*x + 266, -z = 3*x - 155. Suppose 0 = 5*t + 4*q - 23 - z, 4 = -4*q. Calculate the remainder when t is divided by 18.
16
Suppose 397*l = 389*l + 2327 - 15. Calculate the remainder when l is divided by 23.
13
Suppose 0 = -2*m + 12*m - 986 - 234. What is the remainder when m is divided by 21?
17
Let u be ((-3)/(-9) + 0)/(4/(-12)). What is the remainder when 2665/78 - (u*2)/(-12) is divided by 18?
16
Let u(l) = l**3 + l**2 - l + 60. Suppose 6*q - 112 = -2*q. Calculate the remainder when u(0) is divided by q.
4
Suppose -5*w + 137 = 117. Suppose 527 - 227 = w*g. Calculate the remainder when g is divided by 16.
11
Suppose -4*s - 7*d = -3*d - 48, 0 = -3*d - 6. Let o be (-2)/7 + (-26360)/(-140). Let g = o - 120. What is the remainder when g is divided by s?
12
Let b(t) be the second derivative of 0 + 1/2*t**2 - 4/3*t**3 + 7/6*t**4 - 6*t. What is the remainder when b(2) is divided by 7?
6
Let o = -314 + 314. Suppose i = 5*q + 4 + 3, -3*i + 2*q + 8 = o. Calculate the remainder when 10 is divided by i.
0
Suppose 0 = 2*l - l - 12. Suppose 6 = 2*c, -430 = 4*a + c + 723. Let i = a - -321. What is the remainder when i is divided by l?
8
What is the remainder when (-16672)/(-208)*39/6 is divided by 65?
1
Let n(x) = -2*x**3 + 26*x**2 + 11*x - 224. Calculate the remainder when 580 is divided by n(12).
188
Let f = 2525 - 1223. Suppose 0 = -13*u + 6*u + f. Suppose 5*k = 11*k - u. Calculate the remainder when k is divided by 11.
9
Let s(p) = 3*p - 2. Let t be (3 + -2)/((54/1986)/(-9)). Let k = t - -408. What is the remainder when k is divided by s(6)?
13
Let x(s) = 75*s - 9134. What is the remainder when 590 is divided by x(122)?
14
Let x(p) = -50*p - 12. Let k be x(-4). Suppose -k = -5*o + 2*z, -z - 8 = 5*o - 199. What 